q.
9
Suppose 5*a + 80 = 2*s, -a - 231 = -5*s - 8. Calculate the greatest common divisor of 15 and s.
15
Let w = 2 - 1. Let q be (3 + 29)*(0 + w). Suppose 3*k - 40 = -2*k. What is the highest common factor of q and k?
8
Let b = -20 - -28. Let o be (5 - 5) + (-1 - -3 - 0). Calculate the highest common divisor of o and b.
2
Suppose -2*y = q - 42, 3*y - 105 = -2*y - 5*q. What is the highest common factor of y and 126?
21
Let d(o) = o**3 + 7*o**2 - 4*o - 22. Let x be d(-5). Calculate the greatest common divisor of x and 128.
16
Let r = -91 - -175. What is the highest common divisor of r and 21?
21
Suppose 0 = -o - 0 - 2, 0 = q - o - 38. What is the highest common factor of 36 and q?
36
Let n = -3 + 4. Suppose n = -0*x + x. What is the greatest common factor of 11 and x?
1
Suppose 3*m + 9 = 0, -6*m = 4*s - 3*m - 211. Calculate the greatest common factor of 10 and s.
5
Let k be 24 - (6 - 2)*-1. Calculate the highest common factor of 308 and k.
28
Let v be ((-288)/54)/((-4)/6). What is the greatest common divisor of v and 72?
8
Let f = 40 + -19. What is the greatest common factor of 231 and f?
21
Let y be 2*((-1)/1 + 3). Let a be y/6 + 122/6. Let n(m) = -6*m + 1. Let c be n(-1). What is the greatest common factor of c and a?
7
Let b(x) = x**3 - 4*x**2 - 10*x + 5. Let k be b(6). Let z(m) = 16*m - 2. Let j be z(-5). Let a = 133 + j. Calculate the greatest common factor of a and k.
17
Suppose 2*r - 32 = 2*c, -11 + 42 = r + 4*c. Let s = r - 8. Calculate the greatest common divisor of 44 and s.
11
Suppose 4*n + 38 = 6. Let h be ((-1)/2 - 0)*n. Suppose -5*b + 44 = h*f, 3*b - f = 7*b - 33. Calculate the highest common divisor of b and 16.
8
Suppose -3*x + 11 + 101 = 5*v, 4*v - 76 = x. Let y be (21/(-7))/((-6)/v). What is the greatest common divisor of y and 4?
2
Let w = 21 - -1. Calculate the highest common divisor of 44 and w.
22
Let x(z) = z - 2. Let n be x(6). Let i(q) = -q**2 + 7*q. Let d be i(6). What is the highest common divisor of d and n?
2
Suppose h + h = -u - 7, 0 = 4*u + 4. Let v be 0/(h/(-1)) + 17. Calculate the greatest common factor of 187 and v.
17
Let p be 166/1 - (-4)/((-16)/(-12)). What is the greatest common factor of 13 and p?
13
Let j be (-2 - (-10)/4)/((-4)/(-208)). What is the highest common factor of j and 78?
26
Let u = -17 + 30. Suppose -4*t = -2*b - 164, -3*t + 2*t - 4*b = -23. Calculate the greatest common divisor of u and t.
13
Let h be 1/(-2 + 10/4). Suppose o - v = 4, 0 = -h*o - 3*v - 0*v + 33. Let t = 3 + o. What is the highest common divisor of t and 48?
12
Suppose -4*a = 5*j - 18, -3*j = 5*a + 2*j - 20. Calculate the highest common factor of a and 20.
2
Let w be (0 - (-2 + 0)) + 53. Let f(g) be the third derivative of 7*g**5/60 + g**4/8 - g**2. Let s be f(-2). What is the greatest common divisor of s and w?
11
Let t(h) = -h + 9. Let x be t(7). Suppose -x*b - 2 = -7*b - 3*v, -4*b - 16 = -2*v. Let a be 198/15 - b/(-10). What is the greatest common factor of a and 39?
13
Let h(j) = 5*j - 1. Let r be h(6). Suppose -25 = -x + 6*x, 2*t - x = r. Calculate the highest common factor of 12 and t.
12
Suppose w + k = 0, -16 = -6*w + 3*w + k. What is the highest common factor of 12 and w?
4
Suppose 6*t = t + 3*b + 100, 4*t - 5*b - 93 = 0. Let s = 64 + 4. What is the greatest common divisor of t and s?
17
Suppose -11 = -z + 1. Let p(c) = c**2 - 10*c - 11. Let y be p(-7). Calculate the greatest common factor of z and y.
12
Suppose 8 = -5*h - 5*c + 48, -3*h + 42 = -3*c. Calculate the highest common divisor of h and 297.
11
Suppose 0 = 38*p - 33*p - 60. Calculate the greatest common divisor of p and 4.
4
Let j(u) = -26*u. Let d be j(-5). Suppose -4 - 6 = -z - 5*v, -3*z + 5*v + d = 0. What is the highest common factor of 7 and z?
7
Suppose -5*d + 31 = 3*i, 5*i - 9 = -5*d + 2*d. Let u = d - 5. Suppose -20 = -s - u*s. Calculate the highest common factor of s and 15.
5
Suppose 5*m + 16 = 3*s, -2*s - 1 = 5*m + 5. Suppose -2*a + 4*c + 0*c = 10, -3*a = -4*c + 7. Calculate the greatest common factor of a and s.
1
Let k be ((-1)/(-2))/(1/16). Suppose 3*q = 4*h - h - 57, -4*q - 92 = -5*h. Calculate the highest common divisor of k and h.
8
Let l be 6 - 3 - (-2 - -9). Let y(t) = -t**2 - 6*t - 3. Let x be y(-6). Let d be 0 + 7 + (l - x). Calculate the highest common factor of d and 12.
6
Suppose -6 = 2*f - 2. Let d be ((-2)/f)/(1/5). Suppose -d*u + 95 = -0*u. Calculate the highest common factor of u and 209.
19
Let j(x) = 8*x. Let m be j(5). Suppose 7*k - 2*k + m = 0. Let p be (-22)/k - 1/(-4). What is the highest common factor of 27 and p?
3
Let g be 202 - ((-75)/(-5))/(-3). Calculate the highest common divisor of g and 23.
23
Let f = 20 + -11. Suppose 480 = -4*t + f*t. Suppose 0 = 4*n - 0*n - t. Calculate the greatest common factor of n and 36.
12
Suppose -3*x = -39 + 12. Calculate the greatest common divisor of 99 and x.
9
Let l be (-5)/(-1) - (-5 + 6). Suppose -2*g - 10 = -3*g + 5*k, -l*g - 5*k - 10 = 0. Suppose -q + 13 = -g*q. Calculate the highest common divisor of q and 26.
13
Let o be 2/9 - 885/(-27). Let y be (-2)/(-4) - (-3)/(-2). Let p be 1*(-1 - 21)/y. What is the greatest common divisor of o and p?
11
Let m(i) = -i**2 - 7*i + 7. Let k be m(-7). What is the greatest common factor of k and 63?
7
Suppose -3*o = -2*o - 11. Suppose -12*g - 22 = -14*g. What is the highest common factor of o and g?
11
Suppose -19*l = -22*l. Suppose -3*y + l + 30 = 0. What is the highest common factor of 40 and y?
10
Let c(k) = -k**3 + 3*k**2 + 4*k + 1. Let a be c(4). Let w = 10 - 10. Let f = w + 9. Calculate the greatest common divisor of f and a.
1
Suppose -2 - 16 = -z. What is the highest common divisor of z and 45?
9
Let c(r) = 5*r**2 - 10*r - 15. Let n be c(10). Calculate the highest common factor of 35 and n.
35
Let u be (-271)/(-7) + (-2)/(-7). What is the highest common factor of u and 13?
13
Suppose -4*t + 0 - 27 = -3*m, 5*m - 5*t = 40. Suppose -1 - 11 = 4*b. Let v = 18 + b. Calculate the greatest common divisor of v and m.
5
Let g(y) = 5*y**3 + y**2. Let m be g(1). Suppose 42 = -3*c + m*c. Let h be (-1)/((15/6)/(-5)). What is the highest common factor of c and h?
2
Let l = -123 + 279. What is the highest common factor of 39 and l?
39
Let h be (-2 - -2)/(-2) - -34. What is the highest common divisor of 17 and h?
17
Suppose 14 + 338 = 2*a. Suppose -3*j + j = -a. Suppose -55 = n - 6*n. Calculate the highest common factor of n and j.
11
Suppose 3*a - 12 = 0, 4*c - 16 = -4*a + 16. What is the greatest common factor of 44 and c?
4
Suppose 5*w = -o + 29, -5*o - 7 + 17 = -2*w. Suppose 3*g - 125 = t, -o*t + 175 = 5*g + t. What is the greatest common factor of g and 5?
5
Suppose -2*z = 2*a - 18, 3*a + 0*a - z - 35 = 0. Suppose -c + 0*c - a = 5*n, 2 = -2*c - 5*n. What is the greatest common divisor of 3 and c?
3
Let l = 18 + -9. What is the greatest common divisor of 72 and l?
9
Suppose 4*f + 26 = u, 0 = 6*u - 10*u - 5*f + 41. What is the highest common divisor of 35 and u?
7
Let z(q) = q**3 - q**2 - 2*q - 3. Let n(y) = y + 3. Let w be n(0). Let u be z(w). What is the highest common divisor of u and 9?
9
Suppose -10 - 21 = -2*a + q, -q + 14 = a. Calculate the highest common factor of 5 and a.
5
Let g(t) = -3 + 0*t - 3 + t. Let v be g(8). Suppose -7*u = -v*u - 160. What is the highest common factor of 8 and u?
8
Let b(a) = -a**3 + 2*a**2 + 2*a - 2. Let i be b(2). Let f(h) = 2*h + 1. Let c be f(i). Let y = 9 - 4. Calculate the highest common factor of c and y.
5
Suppose -u = 3*u + 2*g - 76, 4*u - 4*g - 76 = 0. Let p = 29 - u. Let y = 246 - 226. What is the greatest common divisor of p and y?
10
Suppose 2*c - 9 = 1. Let q(d) = -d**3 + 3*d**2 + 4*d**2 - 5*d + 17 - 22. Let f be q(5). What is the greatest common factor of c and f?
5
Suppose -9 + 41 = 5*x + 4*w, 4*x = -3*w + 25. What is the greatest common factor of 4 and x?
4
Let q(m) = -4*m - 6. Let v(k) = 8*k + 11. Let z(p) = 7*q(p) + 4*v(p). Let h be z(1). Calculate the highest common factor of 6 and h.
6
Suppose 1254 = 2*y + 4*y. What is the greatest common factor of 19 and y?
19
Suppose -5*l + 15 = -4*z, -2*l + 4*l + 5*z - 6 = 0. Suppose -5*c - h = -5 - 5, 0 = -4*h + 20. Calculate the highest common factor of l and c.
1
Let a = 37 + -17. Suppose -v - 205 = -5*l, 3*v + 195 = 4*l + a. Calculate the greatest common